 0. What is the tens digit of g?
4
Suppose -2*p - 3*j = 2*j + 7, -4*p + 19 = -j. What is the units digit of p?
4
Let h = -11 - -16. Suppose 81 = -2*q + h*q. What is the tens digit of q?
2
Suppose -5*q = -47 - 178. What is the tens digit of q?
4
Let d = 618 + -390. What is the units digit of d?
8
Suppose 115 = -2*w - 3*w. Let g = -12 - w. What is the tens digit of g?
1
Suppose 0 = s + 7*s - 1400. What is the tens digit of s?
7
Let x(h) = h**2 + 4*h - 7. Let c be x(-6). What is the units digit of -1 - (-1 + (0 - c))?
5
Let h = -31 + 43. What is the units digit of h?
2
Suppose 6*t - 470 = t + 5*d, 5*t + 3*d - 462 = 0. What is the units digit of t?
3
Let y be (-2)/(-8) + (-45)/(-12). Suppose y*q - 5*f - 17 = -0*f, f + 10 = 3*q. Suppose -k = 4*i - 21, -q*i + 3*k = i - 33. What is the units digit of i?
6
Suppose 2*l = -3*l + 10. Suppose -37*t = -34*t - 21. Suppose l*s - 1 = t. What is the units digit of s?
4
Let i = -3 + 7. Suppose -4*x = -f - 6, -5*f = i*x - 56 + 14. What is the units digit of f?
6
Let z be (-5)/(10/4)*1. Let g = 0 - z. What is the units digit of g?
2
Let g(l) = l**3 + 13*l**2 - 19*l + 5. What is the units digit of g(-14)?
5
Let c = 1 + 3. Suppose -c = 2*x, 3*s - 27 = 4*s + 5*x. Let n = 28 + s. What is the tens digit of n?
1
Suppose 0 = -0*h + h + 2, 3*h = 3*q - 150. What is the tens digit of q?
4
Let v(f) = -f - 7. Let y be v(-11). Suppose 4*g - 3*g = y. Suppose 50 = g*d + d. What is the tens digit of d?
1
Let k(s) = -s**3 + 4*s**2 + 6*s. Let x be k(5). Suppose x*n - 20 - 20 = -2*p, 2*n - 27 = -3*p. What is the units digit of n?
6
Let p = 126 + 15. Suppose -2*b + 2*m + 50 = 0, 0*b = -5*b + m + p. What is the tens digit of b?
2
Let z(f) = 2*f**2 + f + 15. What is the tens digit of z(-10)?
0
Let a(w) = 22*w**2 - 2*w - 2. Let o be a(2). Suppose n + 2 = -3, -4*h + 2*n = -o. What is the tens digit of h?
1
Let k be (-3)/6*-2*-77. Let u = k - -21. What is the tens digit of 6/(-4)*u/6?
1
Let n be (9/(-2))/((-3)/8). Suppose -4*t + n = -t. What is the units digit of t?
4
Let t(r) = -r**2 + 7*r - 3. Let d(i) = -5*i**2 + 29*i - 12. Let b(v) = 2*d(v) - 9*t(v). Let y be b(-3). What is the units digit of (-2 - (-2 - -1)) + y?
8
Suppose -4*r + r = -3*l - 27, 0 = -5*l + 2*r - 36. What is the tens digit of ((-28)/l)/((-5)/(-15))?
1
Suppose -9*d - 592 = -14*d - 2*p, 3*p = 4*d - 469. What is the units digit of d?
8
Suppose 12 = 4*j - 4*i + i, i + 4 = 4*j. Suppose 3*f = -j + 3. What is the units digit of f?
1
Suppose -i + 1 = -14. Let c(j) = -j**3 + 2*j**2 + 4*j. Let v be c(3). Suppose -3 = -v*z + i. What is the units digit of z?
6
Let o = -4 - -8. Suppose -2*l + 4*m - 8 = 0, l + o*m - 17 = -m. What is the units digit of l?
2
Suppose -490 = -14*r + 9*r. Suppose 0 = -4*q - 18 + r. What is the units digit of q?
0
Let o be (3 - (4 + -3)) + -32. Let z be (-2)/14 + o/(-14). Suppose 0 = -3*m - z*u + 35, -4*m + 5*u = 2*u - 41. What is the tens digit of m?
1
Let u(c) = -c + 10. Let w be u(5). Let k = w + -4. What is the units digit of 5 + k/(-3)*-3?
6
What is the units digit of -2 - 164/(-4) - -3?
2
Let f(w) = 21*w**2 - 3*w. What is the tens digit of f(-2)?
9
Suppose -2*b + 4 = -3*x + 1, 5*x = b + 2. Suppose -5*q + 30 = -0. Suppose b*j = 4*y + 9, -4*y = 2*j - y - q. What is the units digit of j?
3
Let j(v) = v**3 + 12*v**2 - 13*v + 8. What is the units digit of j(-13)?
8
Suppose 2*x = -t + 3*t + 10, -4*x - 20 = 4*t. Let w = x + 4. Suppose w = q - 7. What is the units digit of q?
1
Let h(k) = -k. Let f(c) = -8*c - 1. Let a(i) = f(i) - 5*h(i). Let m(d) = -d. Let y(r) = -a(r) + 2*m(r). What is the units digit of y(7)?
8
Let a(m) = m**3 + 4*m**2 - m - 3. Let y be a(-4). What is the units digit of y + (3 - 6 - -12)?
0
Suppose -2*u + 0*u - 5*p - 6 = 0, -3*u - 4*p - 2 = 0. Suppose -2*k + 3*c + 3 = -3*k, -38 = -u*k + 5*c. What is the units digit of k?
9
Suppose -51 - 165 = -3*t. What is the units digit of t?
2
Suppose -3*m - 2528 = -5*m + 2*l, 5*m + 5*l = 6370. What is the units digit of m/45 + (-1)/5?
8
Let o(h) = -13*h**2 - h - 1. Let a(r) = 25*r**2 + 2*r + 2. Let f(q) = -3*a(q) - 7*o(q). Let c = 13 + -14. What is the units digit of f(c)?
6
What is the units digit of (-80)/(-7) - 3/7?
1
Let p(z) = 2*z + 49. What is the units digit of p(-22)?
5
Suppose -32 = -w + 9. What is the units digit of w?
1
Let u = 3 + 13. Suppose -5*d = -j - 50, -j + 2*j = -d + u. What is the tens digit of d?
1
Suppose -q + 51 = 4*k + 1, 26 = q - 4*k. Suppose -b - 3 = -3*b + h, 5*b - h = 3. Suppose b = -l - j + 7 - 1, -3*l + j + q = 0. What is the tens digit of l?
1
What is the tens digit of (1 + 5)*(-26)/(-4)?
3
Let x(u) = u**2 + 1 + 2 + 4*u + 0*u**2. Let l be x(-4). Suppose f - 1 = l. What is the units digit of f?
4
Let h(w) = -w**2 + 2*w + 1. Let q be h(2). Let t = q - -2. What is the units digit of t?
3
Suppose 4*g = 2*g + 32. Let s = g - -4. What is the tens digit of s?
2
Let r be (-3 - -1)*(-1)/(-2). Let k = 6 + r. Suppose 0*z - 35 = -z - 4*w, 25 = k*w. What is the tens digit of z?
1
Suppose 198 = 4*o - 286. Suppose 4*a = c - 5*c + 84, -5*c + o = a. What is the tens digit of c?
2
Let j = 55 - 16. What is the units digit of j?
9
Suppose 0 = -d + 39 + 9. What is the units digit of d?
8
Suppose 0 = 5*z - 5*l - 410, -2*l = 4*z - l - 348. Suppose 12 - z = -2*t. What is the units digit of t?
7
Suppose -5*t - 5 + 55 = 0. What is the units digit of t?
0
Let r be (12/(-1 + -2))/(-2). Suppose -r*u = -2*f - 22, 2*f = -u + 2*u - 13. What is the units digit of u?
9
Let a(z) = 5*z**3 + 2*z**2 - 11*z - 14. Let p(s) = -9*s**3 - 5*s**2 + 23*s + 27. Let h(g) = -7*a(g) - 4*p(g). What is the tens digit of h(-7)?
4
Let u(f) = f**2 + 6*f + 3. Let p be u(-6). Suppose 0 = c + p - 6. What is the units digit of c?
3
What is the tens digit of 1/(-3)*((-2 - 4) + -1071)?
5
Suppose 3*d - d + 4 = 0. Let h be 1*(d + 0)*-4. What is the units digit of 16/6*12/h?
4
Let r = -14 - 7. Let f = r + 35. Let b = -9 + f. What is the units digit of b?
5
Let y(z) = -2*z**2 + 4*z + 5. Let d(u) = -u**2 - u. Let t(k) = -d(k) + y(k). What is the units digit of t(5)?
5
Let v = 9 + -6. What is the units digit of v + 3/(-3)*-3?
6
Let b(q) = 32*q. What is the tens digit of b(2)?
6
Let r = 4 + -8. Let w(j) = -2*j - 4. What is the units digit of w(r)?
4
Suppose -2*i + 4*s = -8, -3*i = i - 5*s - 16. Suppose -i + 3 = -u. Suppose 2 = j - u. What is the units digit of j?
3
Suppose -117 = -3*r + 3. What is the tens digit of r?
4
Let l = -26 + 202. What is the units digit of l?
6
Suppose 3*k = -b + 8, 0 = k - 0*b + b. Suppose -5*p + k = -4*p. What is the units digit of p?
4
Let k(v) = -16*v + 24. What is the units digit of k(-6)?
0
What is the hundreds digit of ((-3)/(18/176))/(4/(-36))?
2
Let v = -2 + 5. Suppose -f = 4*h - 6 - 35, -v*f = 3*h - 24. Let u = h - 0. What is the units digit of u?
1
Let o(y) = -y - 5*y + 4*y - 10 + 0*y. What is the units digit of o(-8)?
6
Suppose y = -0*b + 5*b - 799, 473 = 3*b + y. What is the tens digit of b?
5
Let s = -20 + 5. Let w = 29 + s. What is the units digit of w?
4
Let t = -4 - -1. What is the units digit of 44/5 + t/(-15)?
9
Let m(j) = -j**3 + 5*j**2 + 4*j + 4. Let z be m(6). Let i = z + 14. Let o = 14 - i. What is the units digit of o?
8
Let w(g) = 2*g - 1. Let b be w(3). Let s be b*(0 + 4/(-10)). What is the units digit of ((-3)/s)/(1/2)?
3
Let b = 43 - -96. What is the hundreds digit of b?
1
Let m(j) = j**3 + 9*j**2 - 25*j - 25. What is the tens digit of m(-10)?
2
Let v(x) = 3*x**2 + 0*x**2 - 5*x + 0*x**2 - 27 + x**3 + 32. What is the tens digit of v(2)?
1
Let c be (-2)/(-8) + (-15)/(-4). Let v be 0/((-3)/6*c). Let s = v + 4. What is the units digit of s?
4
Let i be ((-6)/(-8))/(2/24). Suppose 3*c - 2 = 4. Suppose 3*n - 12 = 0, c*z + 4*n - 37 = -i. What is the units digit of z?
6
Let p(d) = -2*d + 7. Let u be p(5). Let g = 3 - 6. What is the units digit of (u/6)/(g/6)?
1
Let s = 96 - 63. What is the units digit of s?
3
Let o = 2 - -4. Let g be (-1)/4 - 18/(-8). What is the units digit of (o - (-1 - -1))/g?
3
Let s(a) = -a**2 - a + 8. Let h be s(0). Suppose 0 = -h*k + 3*k + 50. What is the tens digit of k?
1
Suppose 0 = -3*x - f + 1094 - 408, -684 = -3*x - 3*f. What is the tens digit of x?
2
Suppose -4*i + 2*c + 20 = -10, 4*i + 5*c = 23. Suppose 5*n - 5 = 4*f - i*f, 5*f - 5 = -5*n. Suppose f = 2*g